e millions digit of 416167050?
6
What is the units digit of 6853239851?
1
What is the hundred millions digit of 558280721?
5
What is the units digit of 1828694141?
1
What is the ten thousands digit of 163026942?
2
What is the hundred millions digit of 150632699?
1
What is the hundreds digit of 17536824?
8
What is the hundreds digit of 403060858?
8
What is the ten millions digit of 499138299?
9
What is the millions digit of 3298915795?
8
What is the ten millions digit of 4763421260?
6
What is the thousands digit of 3585781?
5
What is the millions digit of 18239655?
8
What is the units digit of 129602978?
8
What is the tens digit of 761844851?
5
What is the hundreds digit of 104647212?
2
What is the hundred millions digit of 459619995?
4
What is the ten millions digit of 929330388?
2
What is the units digit of 2131748174?
4
What is the millions digit of 8538752?
8
What is the millions digit of 92464770?
2
What is the ten thousands digit of 72144536?
4
What is the thousands digit of 396582730?
2
What is the thousands digit of 40406938?
6
What is the millions digit of 140849967?
0
What is the millions digit of 1514082894?
4
What is the millions digit of 379248233?
9
What is the thousands digit of 257944170?
4
What is the hundred thousands digit of 7133719457?
7
What is the ten thousands digit of 400841106?
4
What is the hundred thousands digit of 198605926?
6
What is the hundred millions digit of 287335884?
2
What is the ten thousands digit of 54108207?
0
What is the tens digit of 61958187?
8
What is the hundreds digit of 30696891?
8
What is the hundred thousands digit of 49755431?
7
What is the units digit of 92882501?
1
What is the millions digit of 551195298?
1
What is the hundred thousands digit of 92298378?
2
What is the tens digit of 23192648?
4
What is the hundred thousands digit of 4136886697?
8
What is the thousands digit of 613667643?
7
What is the tens digit of 33481366?
6
What is the ten millions digit of 111254342?
1
What is the hundred millions digit of 735235435?
7
What is the ten thousands digit of 176601937?
0
What is the hundred thousands digit of 33518505?
5
What is the hundred millions digit of 7086016762?
0
What is the hundred millions digit of 382545267?
3
What is the millions digit of 10741009?
0
What is the thousands digit of 313431645?
1
What is the millions digit of 12305473?
2
What is the hundreds digit of 116588170?
1
What is the tens digit of 144820888?
8
What is the units digit of 537486283?
3
What is the hundreds digit of 195895051?
0
What is the hundred millions digit of 328821108?
3
What is the units digit of 2555384884?
4
What is the ten thousands digit of 64650479?
5
What is the hundreds digit of 192075698?
6
What is the ten millions digit of 1146078269?
4
What is the hundred thousands digit of 697740786?
7
What is the tens digit of 40045371?
7
What is the thousands digit of 2810923925?
3
What is the millions digit of 69767477?
9
What is the tens digit of 1133312719?
1
What is the hundred thousands digit of 233823378?
8
What is the billions digit of 1258552637?
1
What is the hundreds digit of 400333152?
1
What is the units digit of 468086000?
0
What is the hundred thousands digit of 35401102?
4
What is the tens digit of 1090658345?
4
What is the hundred millions digit of 5142176509?
1
What is the tens digit of 343348050?
5
What is the hundred millions digit of 2427900327?
4
What is the tens digit of 49742906?
0
What is the hundreds digit of 45506972?
9
What is the millions digit of 406068651?
6
What is the ten millions digit of 2414697992?
1
What is the ten thousands digit of 265666560?
6
What is the hundred thousands digit of 14313031?
3
What is the hundred thousands digit of 1294491576?
4
What is the units digit of 7013557?
7
What is the ten millions digit of 116911598?
1
What is the units digit of 53411030?
0
What is the units digit of 621595154?
4
What is the tens digit of 468725292?
9
What is the hundred thousands digit of 2016432688?
4
What is the millions digit of 486981182?
6
What is the hundred millions digit of 563784775?
5
What is the billions digit of 1965449573?
1
What is the ten millions digit of 633330167?
3
What is the ten millions digit of 88915192?
8
What is the hundred thousands digit of 2164619460?
6
What is the millions digit of 386135899?
6
What is the ten thousands digit of 93793218?
9
What is the millions digit of 1051222862?
1
What is the hundreds digit of 1155060668?
6
What is the ten millions digit of 575605421?
7
What is the millions digit of 81321817?
1
What is the tens digit of 48033371?
7
What is the hundred thousands digit of 3793212701?
2
What is the millions digit of 1969150224?
9
What is the tens digit of 40559910?
1
What is the ten thousands digit of 20597084?
9
What is the thousands digit of 1501515748?
5
What is the ten millions digit of 50066152?
5
What is the thousands digit of 849444204?
4
What is the ten millions digit of 196929138?
9
What is the ten thousands digit of 150374511?
7
What is the ten thousands digit of 3245625161?
2
What is the hundred thousands digit of 1600574984?
5
What is the ten thousands digit of 65702788?
0
What is the hundreds digit of 91884037?
0
What is the hundreds digit of 106518100?
1
What is the ten millions digit of 37968898?
3
What is the tens digit of 38946187?
8
What is the thousands digit of 31494905?
4
What is the ten millions digit of 2978075688?
7
What is the ten thousands digit of 21963758?
6
What is the thousands digit of 103869954?
9
What is the units digit of 66711399?
9
What is the tens digit of 367571413?
1
What is the tens digit of 1099505327?
2
What is the millions digit of 480245138?
0
What is the hundred thousands digit of 660665554?
6
What is the ten millions digit of 170941612?
7
What is the ten thousands digit of 5507864455?
6
What is the tens digit of 141690681?
8
What is the thousands digit of 264410360?
0
What is the units digit of 1954110333?
3
What is the hundred millions digit of 666253100?
6
What is the hundreds digit of 28925355?
3
What is the hundred thousands digit of 552729887?
7
What is the tens digit of 1379653069?
6
What is the thousands digit of 426734405?
4
What is the ten millions digit of 713521710?
1
What is the tens digit of 133545660?
6
What is the thousands digit of 4308228238?
8
What is the ten millions digit of 80842492?
8
What is the ten thousands digit of 19885201?
8
What is the ten thousands digit of 44678395?
7
What is the units digit of 6680725650?
0
What is the ten millions digit of 69815360?
6
What is the hundred thousands digit of 552771102?
7
What is the millions digit of 214224962?
4
What is the thousands digit of 309874850?
4
What is the hundred thousands digit of 8486128?
4
What is the hundreds digit of 695479025?
0
What is the units digit of 2713040445?
5
What is the units digit of 11340224?
4
What is the units digit of 404611943?
3
What is the millions digit of 65907082?
5
What is the hundreds digit of 83690452?
4
What is the hundred millions digit of 434756798?
4
What is the millions digit of 248074100?
8
What is the ten millions digit of 50505964?
5
What is the hundreds digit of 58883318?
3
What is the ten thousands digit of 1156708268?
0
What is the hundred thousands digit of 624570525?
5
What is the units digit of 11651139?
9
What is the tens digit of 2443399816?
1
What is the ten thousands digit of 50323025?
2
What is the hundred thousands digit of 1081173292?
1
What is the thousands digit of 28934718?
4
What is the ten thousands digit of 1727924107?
2
What is the tens digit of 1614679968?
6
What is the ten thousands digit of 86274601?
7
What is the units digit of 655638025?
5
What is the hundred millions digit of 4982185600?
9
What is the hundred millions digit of 511392423?
5
What is the tens digit of 24595564?
6
What is the ten millions digit of 55260140?
5
What is the units digit of 1412816438?
8
What is the thousands digit of 455603855?
3
What is the ten thousands digit of 187996326?
9
What is the thousands digit of 250016034?
6
What is the millions digit of 73430847?
3
What is the ten thousands digit of 3968800278?
0
What is the billions digit of 5037635531?
5
What is the hundred millions digit of 312356559?
3
What is the tens digit of 1041977670?
7
What is the hundred t